- (-2 - 14)) + -35 + 26?
10
What is the value of 3 - (9 + -8) - (34 + -22) - -38?
28
11 + -14 + 29 + (-20 - 4)
2
What is (-204 - -216 - (21 + 3)) + -26 + (-1 - -2)?
-37
What is the value of -1 - (10 + -8) - (61 - 182)?
118
Evaluate 15 + 0 + (27 - 1 - 20).
21
(-5 - -7) + 96 - ((-149 - -153) + 5 + -2)
91
Calculate -87 + (-2 - (-4 - 11) - (-10 + 12)).
-76
Evaluate 66 + (140 - 217) + (18 - -1).
8
3 - 83 - (-33 - 91)
44
95 + -53 - 25 - (-1 + 6)
12
Calculate 8 + (23 - (29 + (5 - 20))).
17
What is the value of -16 + 12 - ((15 - -1) + (-82 - -15)) - 3?
44
What is the value of 11 + -3 + (-11 - -18) - -9?
24
-5 + -65 + -23 - (-29 - -58)
-122
What is -30 + -50 + 30 + -7 + (9 - -4)?
-44
-19 - (23 - 37 - 30)
25
(151 - 14) + (-66 - 13)
58
What is the value of (194 - 257) + 46 - (-2 + 35)?
-50
What is the value of (-3 - 0) + -2 - ((-10 - 29) + 32)?
2
Evaluate 8 + (73 - (-24 + 46 + -9 + -8)).
76
2 + (9 - 19) + (-3 - -2) + -12 + 35
14
What is the value of -111 + 126 - (4 + -8 + 1) - 3?
15
(-5 - -2) + ((-44 - -24) + 17 - -18)
12
What is (110 - 145) + (-17 - -93)?
41
Calculate (6 - (-10 - -9) - -6) + 35 - 8.
40
-3 - (-396 + 363 - (1 + 6 + 1 - -2))
40
-2 + 2 + -6 - (18743 + -18788)
39
What is the value of 1 - 1 - (36 - 39 - 3)?
6
What is the value of -1 + -11 - (-76 + (-68 - -77))?
55
Calculate (-127 - -104) + 83 + -1 - 14.
45
243 + -255 - (4 + 2 + -11 - -3)
-10
35 - (-21 + 10 + (-4 - -8 - 2) + 5)
39
Evaluate 51 + -54 + -24 + 20.
-7
What is the value of (13 - (4 + 0)) + (-3 - (-3 - 7) - 7)?
9
What is the value of -49 + (16 - 2) + -12 - 22?
-69
What is (3 + 16 + -4 - (248 - 237)) + 2 + -1?
5
Evaluate 11 + (7 + 8 - 32 - 5 - 5).
-16
Calculate (11 + 3 - (22 - -15)) + -14.
-37
Calculate -62 + (3 - (-1 + 7)) + (3481 - 3497).
-81
-13 + ((10 - 23) + 19 - 14) + -6
-27
What is -18 + 0 - (1 + 41 + 100 + -83)?
-77
What is -59 - (100 - 119 - -29)?
-69
What is (-2 - 2) + 22 + (16 - -25 - 25)?
34
What is the value of 113 + -130 - (4 - (-1 - -36))?
14
What is the value of -14 - (-4 + 9 + (11 - 8) + -61)?
39
(72 - (2 + 0)) + (19 - (82 + -39 - 14))
60
Evaluate -41 + (89 - (-89 - -108)).
29
27 + -75 - (-3 - (10 + -12))
-47
Calculate (90 - (98 + -66)) + -89.
-31
Calculate (4 - (-4 + 2)) + (74 - 4 - 4).
72
17 - (18 - (23 + -13)) - -29
38
What is 164 + -46 + -48 + 51?
121
Calculate -1 + (1 - 70) + (18 + 23 - (45 + 0)).
-74
What is the value of 110 + -111 + (-1 - 19 - -1) - (-264 - -275)?
-31
Calculate 17 - (2 + 12 - (-42 + (19 - -20))).
0
Calculate -9 + 32 + (-3 - -10) + 9 + 12.
51
What is 42 - (-72 - -173) - (1 + (-8 - 2))?
-50
2 + 44 - (72 + 12 + -99)
61
What is the value of -2 + (-94 - -76 - (-74 + 1)) + 20?
73
What is the value of -297 + 244 - (3 - 19) - (-3 - -13)?
-47
Calculate 65 + 26 + -21 + -28.
42
Evaluate (7 - 3 - (-16 - -9) - 10) + -4.
-3
What is the value of (-13 + (-3 - -15 - 5) - -2) + 6?
2
What is the value of (-14 - (21 + -1)) + 20 + 26?
12
9 + 8 - (-135 - -202)
-50
(3 - (0 + -3) - (22 + 27 + -39)) + -22
-26
What is 12 - (-6 - -3 - -14) - (-5 - -2 - 7)?
11
Calculate 6268 - 6248 - (59 - (-1 - 1)).
-41
Evaluate (6 + 32 - (-6 - -6)) + 48.
86
What is the value of -15 - ((11 - 28) + 5 + (4 + -12 - -10))?
-5
-5 - -87 - (1114 + -1080)
48
Calculate 43 + (-3 - -5) - (143 - 138) - -12.
52
-11 - (-31 + 15 + -38)
43
Evaluate 32 + -30 + 74 + -32.
44
What is the value of 21 - 0 - (5 + -8 - 18) - (13 - 1)?
30
What is (2 + -7 - -8) + -35 + 2?
-30
1 - (-3 + -28) - (-16 + -6 + 13)
41
What is the value of (-140 - (563 - 551 - (13 - -2))) + -2 + 11?
-128
Evaluate 26 - (-3 + (-37 - -121) + 32).
-87
Evaluate (-13 - 0) + (83 - (-12 + -5)) - (3 - -1).
83
Evaluate -109 + -52 + 64 + -18 + (1 - 1) + 16.
-99
Calculate (-27 - (12 - 16)) + 21 + (-6 - 0) - -28.
20
Evaluate 6 - (8 - (-4 + 17 - (2 + -7 - 4))).
20
Calculate -16 - ((-33 - 4) + 61).
-40
What is -14 + 11 + -2 + 3 + (-1 - 1)?
-4
Evaluate (7 - 6) + (12 - 0) + (212 - 265).
-40
Evaluate (13 - -2 - (24 + (4 - 2) + -13)) + 8.
10
What is the value of -24 - ((-70 - -61) + -8 + (3 - -69))?
-79
What is 47 + -29 + -15 - -2?
5
Calculate -21 + (-34 - -18 - -34) + -7 + -35.
-45
What is 33 - (44 - 74 - -31 - (-3 + -4 + 1))?
26
-17 - (-40 + 73) - -7
-43
What is -70 - -60 - (-4 - -39)?
-45
What is the value of (-2 - 8) + 41 + -10?
21
(-9 - 11) + ((3 - 5) + -4 - (-9 - -8))
-25
Calculate -44 + -1 + 2 + 0 - (-222182 - -222197).
-58
Evaluate (-1 - 0) + 2 - (-16 + 15 + 2).
0
28 - (-11 + 24 + -5 + -45)
65
What is (32 - -65) + 7 + -25?
79
What is the value of -2 - (2 + 73) - (10071 - 10085)?
-63
10 + (3 + -4 - (87 - 85)) + 0 + -10
-3
What is the value of -9 + (4 - 2) + (-286 - -300) + (1 - -36)?
44
What is the value of 9 + 5 + (1507 - 1559)?
-38
Calculate (22 - -2) + (260 - 242).
42
What is -37 - -57 - -5 - 49?
-24
(-52 - -4 - -9 - -28) + (89 - 0)
78
What is the value of -10 + 2 - (0 - 15 - (-785 + 760))?
-18
Calculate (13 - (27 + -8)) + 8 - 38.
-36
74 - (134 + (-123 - -61))
2
What is 112 + -2 - (8714 + -8592)?
-12
Calculate (4 + -5 + 10 + -6 + -23 - -7) + 110.
97
Calculate 4 - 15 - (120 + -25 - 14 - 16).
-76
-5 + (4 - -18) + (36 - 19 - 29)
5
-7 + 18 + (10 - 18) + 21 - 168
-144
Calculate 78 + 11 + -11 + -47.
31
Evaluate -1 + 1 + (12946 - 13052).
-106
(-32 + 20 - (-11 + -5)) + (6 - 12)
-2
Evaluate -8 + 29 + (-24 - (9 + -8)).
-4
(-8 - (-9 + 1)) + -40 + 50
10
What is -1 + 1 + (-150 - -158) + -1 + 5 + -49?
-37
Calculate 12 - 9 - (-10 - 1 - -2) - (689 + -735).
58
What is -12 - ((15 - -35 - -5) + -13)?
-54
1 + -16 + -3819 + 3790
-44
Evaluate -17 + -21 - (-4 + -20 + 10).
-24
What is 1 - 11 - ((-11 - -6 - 4) + -32)?
31
What is 17 - (27 + 0 + -37 + 7)?
20
What is (53 - 89) + (-1 - -29) + (-1 - -3) + -67?
-73
Calculate (-25 - (-19 + 37 + -6)) + 2 + -18.
-53
What is the value of -13 - (20 + (-32 - (-12 + -13)))?
-26
Calculate 34 - 5 - (13 + -2 + 102).
-84
What is (34 - (35 + -40)) + -68?
-29
What is (6 + -2 - 2) + (10 - (72 + -39))?
-21
-27 - (13 - -28 - 20) - 16
-64
Evaluate 0 - -4 - (-2 + 21) - (1697 - 1607).
-105
What is 1 - 103 - 8 - ((-3 - -3) + -8 + 3)?
-105
What is the value of -15 - (1 + -1 + (10 - 49)) - 7?
17
37 + 20 + -9 + -68
-20
-19 + (22 - 17) + 4 - (-33 + (7 - 3))
19
157 + -152 - (0 + 18) - (-36 + (1 - -4))
18
What is the value of 10 + -37 + (61 - 90) + 0 + -9?
-65
11 + (-106 + 122 + -73 - (1 + -1 - 11))
-35
Calculate (-5 - (-4 + 8)) + (-90 - (-69 + -31)).
1
12901 + -12763 + -230 + -1
-93
What is the value of (-38 - 2) + 99 + -68?
-9
Evaluate 0 - 53 - (271 + -301).
-23
What is the value of (-66 - (19 + -59)) + 33?
7
What is -59 - -85 - -5 - (7 + -1 - 15)?
40
(-1 - -14) + (4 - ((0 - 8) + -5))
30
-4 + 42 + (-1799 - -1732)
-29
Evaluate 115 - 130 - (6 - 2).
-19
Evaluate 10 + ((-8 - -9) + -10 - -11).
12
What is the value of 70 + (75 - 79) - -9?
75
(-87 - (-229 - -127)) + (-2 + 11 - 1)
23
-31 + 10 + (24 - 4) - 19
-20
Calculate 2 + -5 + -3 - (-107 - (-75 + 13)).
39
What is the value of -6 + 11 + (21 + (-10 - 2) - -1)?
15
What is the value of 68 + -55 + -16 + -1 - (-8 - (-11 + 4))?
-3
(9 - (-2 + 3)) + -106 - (-6 - -1) - -4
-89
What is -2049 - -2132 - (62 - 1)?
22
What is -41 - (-9 + (-11 - -24) - (0 + 2) - -10)?
-53
What is the value of (34 + 26 + -34 - (1 - 14) - 1) + 12?
50
What is the value of 63 - (-28 + (47 - -28))?
16
What is the value of 463 - 464 - (1 + -35) - -18?
51
What is the value of 4908 - 4905 - (-29 - (-2 + 3))?
33
Evaluate 9 + -22 + -6 + 29 + -12 + (0 - -50).
48
-17 + (2 - -8) - ((49 - (-7 + 5)) + -5)
-53
Evaluate (-27 - -6) + 15 + (13 - 41).
-34
Calculate -35 + (104 - 50) + -35.
-16
What is the value of -57 - -29 - 23 - 5?
-56
-20 - ((30 - 12) + -27) - (14 - 0)
-25
Evaluate (-145 + 79 - -61) + 63.
58
-2 - (1 + -1) - (53 + (-89 - 67))
101
Calculate 6 - (85 + -72 - (4 + -46 - 1)).
-50
What is the value of (-1 - -26) + 82 + -22 + -60 + 5?
30
130 - 137 - (-14 - -8)
-1
Calculate (0 - ((2 - (3 + -4)) + -9)) + -63.
-57
Evaluate (-7 - 2 - 0) + (25 - -9 - -1).
26
Calculate 11 + (-34 - -58) - 76.
-41
What is the value of 6 - -24 - (-2 + 18 + -3)?
17
-119 + -136 + (116 - -65)
-74
What is the value of (3 - 10) + 24 + 9 + -16 + 4?
14
Calculate (7 - (15 + -44)) + (52 + -31 - (3 - -8)).
46
What is 3 + 4 + (-5 - -1) + 102 + -12 + -4?
89
-9 - -90 - 6 - (63 - 50)
62
What is the value of -27 - 29 - 11 - -131?
64
(-6 + 40 + -17 - 15) + (-8 - -3)
-3
What is 9 + (